 the remainder when 33555905 is divided by 3244.
3213
Calculate the remainder when 6787 is divided by 6661.
126
Calculate the remainder when 50755408 is divided by 4229615.
28
What is the remainder when 5250845 is divided by 392?
5
What is the remainder when 35294938 is divided by 35294899?
39
What is the remainder when 5520082 is divided by 199?
21
What is the remainder when 5558459 is divided by 435?
29
Calculate the remainder when 1766456 is divided by 12.
8
What is the remainder when 163663 is divided by 250?
163
Calculate the remainder when 5205437 is divided by 650678.
13
What is the remainder when 1771521 is divided by 902?
895
What is the remainder when 45965886 is divided by 2026?
2024
What is the remainder when 301428 is divided by 15053?
368
Calculate the remainder when 1218247 is divided by 304560.
7
What is the remainder when 1947631 is divided by 433?
430
What is the remainder when 1107875 is divided by 2511?
524
What is the remainder when 65218 is divided by 12798?
1228
Calculate the remainder when 573831346 is divided by 475.
471
What is the remainder when 2897533 is divided by 38627?
508
What is the remainder when 2190773 is divided by 325?
273
Calculate the remainder when 3384575 is divided by 208.
207
What is the remainder when 736337 is divided by 3395?
3017
What is the remainder when 2240280 is divided by 1120139?
2
What is the remainder when 19306433 is divided by 409?
406
Calculate the remainder when 294130 is divided by 16.
2
What is the remainder when 14587042 is divided by 6?
4
Calculate the remainder when 1247711 is divided by 83179.
26
What is the remainder when 22542406 is divided by 1127120?
6
Calculate the remainder when 7455 is divided by 311.
302
Calculate the remainder when 23723324 is divided by 11.
9
Calculate the remainder when 21398142 is divided by 421.
396
Calculate the remainder when 58445 is divided by 3548.
1677
Calculate the remainder when 144862 is divided by 24137.
40
Calculate the remainder when 33908379 is divided by 111.
99
Calculate the remainder when 47779 is divided by 9551.
24
What is the remainder when 52206 is divided by 224?
14
Calculate the remainder when 164179 is divided by 32725.
554
What is the remainder when 4609957 is divided by 3?
1
Calculate the remainder when 13877605 is divided by 1572.
1561
What is the remainder when 994562 is divided by 59?
58
What is the remainder when 7156925 is divided by 694?
397
What is the remainder when 457 is divided by 271?
186
What is the remainder when 7383286 is divided by 11832?
118
What is the remainder when 3316082 is divided by 6401?
364
Calculate the remainder when 23680482 is divided by 58615.
22
Calculate the remainder when 734825 is divided by 228.
209
What is the remainder when 4565 is divided by 1312?
629
What is the remainder when 288336305 is divided by 201?
197
Calculate the remainder when 492434 is divided by 164098.
140
What is the remainder when 115888368 is divided by 38629455?
3
Calculate the remainder when 658666 is divided by 16466.
26
What is the remainder when 794868 is divided by 1713?
36
Calculate the remainder when 43360 is divided by 9482.
5432
Calculate the remainder when 818408 is divided by 37.
5
What is the remainder when 2101001 is divided by 41?
38
Calculate the remainder when 80582651 is divided by 51.
50
Calculate the remainder when 1094902 is divided by 315.
277
What is the remainder when 6944290 is divided by 992038?
24
What is the remainder when 3731365 is divided by 52?
1
What is the remainder when 3911015 is divided by 391095?
65
Calculate the remainder when 19429322 is divided by 79956.
14
What is the remainder when 72698244 is divided by 169?
21
What is the remainder when 215148 is divided by 1992?
12
What is the remainder when 270723 is divided by 3654?
327
Calculate the remainder when 647997 is divided by 43196.
57
Calculate the remainder when 4719866 is divided by 37.
35
Calculate the remainder when 607306 is divided by 342.
256
What is the remainder when 741234 is divided by 367039?
7156
Calculate the remainder when 12206889 is divided by 87.
6
What is the remainder when 43448 is divided by 5419?
96
What is the remainder when 987142 is divided by 328813?
703
Calculate the remainder when 142975 is divided by 35733.
43
Calculate the remainder when 14344731 is divided by 37.
16
Calculate the remainder when 11936673 is divided by 151097.
10
What is the remainder when 14990244 is divided by 395?
389
Calculate the remainder when 277401 is divided by 8948.
13
Calculate the remainder when 41203326 is divided by 6619.
51
Calculate the remainder when 162831 is divided by 162798.
33
What is the remainder when 19634 is divided by 3261?
68
What is the remainder when 10697181 is divided by 163?
143
What is the remainder when 14177 is divided by 7069?
39
What is the remainder when 47152 is divided by 225?
127
Calculate the remainder when 208833450 is divided by 7783.
7777
What is the remainder when 6188440 is divided by 373?
370
What is the remainder when 15505950 is divided by 899?
897
What is the remainder when 10464327 is divided by 545?
327
Calculate the remainder when 71766 is divided by 3593.
3499
What is the remainder when 1336252 is divided by 3307?
224
Calculate the remainder when 67255 is divided by 33130.
995
Calculate the remainder when 28513080 is divided by 1188045.
0
Calculate the remainder when 3839539 is divided by 506.
11
Calculate the remainder when 12722218 is divided by 138.
136
What is the remainder when 7721576 is divided by 1286927?
14
Calculate the remainder when 58274 is divided by 1769.
1666
Calculate the remainder when 1889158 is divided by 15873.
271
Calculate the remainder when 6978413 is divided by 96.
77
Calculate the remainder when 430209 is divided by 717.
9
Calculate the remainder when 29915502 is divided by 301.
15
What is the remainder when 38454864 is divided by 32315?
14
Calculate the remainder when 286639 is divided by 40906.
297
What is the remainder when 2420593 is divided by 18?
7
What is the remainder when 1005728 is divided by 1005188?
540
Calculate the remainder when 653851 is divided by 1414.
583
Calculate the remainder when 170290 is divided by 820.
550
What is the remainder when 4531442 is divided by 767?
6
Calculate the remainder when 15336 is divided by 10305.
5031
What is the remainder when 201433 is divided by 1971?
391
What is the remainder when 21558086 is divided by 173?
37
Calculate the remainder when 10506288 is divided by 436.
432
Calculate the remainder when 62178732 is divided by 6217872.
12
What is the remainder when 50141915 is divided by 38?
3
Calculate the remainder when 327988 is divided by 2628.
2116
Calculate the remainder when 212203 is divided by 53050.
3
Calculate the remainder when 2748618 is divided by 149.
15
Calculate the remainder when 3511174 is divided by 967.
964
What is the remainder when 779205 is divided by 605?
570
What is the remainder when 148214 is divided by 169?
1
What is the remainder when 823188 is divided by 29397?
72
What is the remainder when 14339923 is divided by 3584978?
11
Calculate the remainder when 34206 is divided by 33226.
980
What is the remainder when 5557 is divided by 2776?
5
What is the remainder when 31517382 is divided by 130?
52
Calculate the remainder when 8513834 is divided by 5017.
5002
Calculate the remainder when 1268634 is divided by 1747.
312
Calculate the remainder when 34196247 is divided by 1875.
1872
Calculate the remainder when 106756 is divided by 53286.
184
What is the remainder when 2159288 is divided by 561?
560
Calculate the remainder when 20524 is divided by 18328.
2196
Calculate the remainder when 213342 is divided by 5282.
2062
Calculate the remainder when 48679 is divided by 10801.
5475
Calculate the remainder when 15542415 is divided by 11.
9
Calculate the remainder when 185538338 is divided by 10499.
10
Calculate the remainder when 564191 is divided by 517.
144
What is the remainder when 143288 is divided by 47745?
53
Calculate the remainder when 373209 is divided by 186579.
51
Calculate the remainder when 45311778 is divided by 12035.
3
What is the remainder when 151417 is divided by 5076?
4213
Calculate the remainder when 30632 is divided by 176.
8
Calculate the remainder when 818